
4
What is the thousands digit of 6626?
6
What is the hundreds digit of 2014?
0
What is the hundreds digit of 1588?
5
What is the units digit of 4653?
3
What is the thousands digit of 23297?
3
What is the tens digit of 16881?
8
What is the hundreds digit of 541?
5
What is the units digit of 299?
9
What is the tens digit of 107422?
2
What is the units digit of 6081?
1
What is the tens digit of 8667?
6
What is the hundreds digit of 1181?
1
What is the tens digit of 6137?
3
What is the thousands digit of 3453?
3
What is the units digit of 3089?
9
What is the hundreds digit of 737?
7
What is the ten thousands digit of 47814?
4
What is the tens digit of 36?
3
What is the tens digit of 8913?
1
What is the tens digit of 34115?
1
What is the hundreds digit of 139773?
7
What is the units digit of 10581?
1
What is the tens digit of 35486?
8
What is the thousands digit of 8049?
8
What is the thousands digit of 29137?
9
What is the ten thousands digit of 37464?
3
What is the hundreds digit of 50712?
7
What is the thousands digit of 1481?
1
What is the thousands digit of 145551?
5
What is the tens digit of 3994?
9
What is the thousands digit of 11396?
1
What is the ten thousands digit of 70521?
7
What is the thousands digit of 14334?
4
What is the tens digit of 92034?
3
What is the thousands digit of 7638?
7
What is the units digit of 14771?
1
What is the tens digit of 1795?
9
What is the thousands digit of 37369?
7
What is the tens digit of 24038?
3
What is the tens digit of 178?
7
What is the hundreds digit of 24990?
9
What is the thousands digit of 9690?
9
What is the tens digit of 49837?
3
What is the ten thousands digit of 59199?
5
What is the units digit of 58981?
1
What is the ten thousands digit of 25561?
2
What is the thousands digit of 2233?
2
What is the units digit of 183?
3
What is the tens digit of 613?
1
What is the tens digit of 21997?
9
What is the hundreds digit of 5009?
0
What is the ten thousands digit of 33445?
3
What is the thousands digit of 2536?
2
What is the thousands digit of 2706?
2
What is the hundreds digit of 6993?
9
What is the ten thousands digit of 38004?
3
What is the units digit of 11552?
2
What is the tens digit of 750?
5
What is the units digit of 6763?
3
What is the hundreds digit of 22648?
6
What is the tens digit of 14452?
5
What is the thousands digit of 78170?
8
What is the hundreds digit of 55836?
8
What is the hundreds digit of 638?
6
What is the hundreds digit of 832?
8
What is the hundreds digit of 890?
8
What is the hundreds digit of 11994?
9
What is the thousands digit of 9165?
9
What is the ten thousands digit of 13797?
1
What is the units digit of 340?
0
What is the thousands digit of 58262?
8
What is the units digit of 8079?
9
What is the thousands digit of 19588?
9
What is the units digit of 2424?
4
What is the ten thousands digit of 93862?
9
What is the ten thousands digit of 51904?
5
What is the hundreds digit of 149?
1
What is the hundreds digit of 2410?
4
What is the units digit of 4236?
6
What is the units digit of 1685?
5
What is the thousands digit of 1678?
1
What is the units digit of 453?
3
What is the tens digit of 34728?
2
What is the hundreds digit of 911?
9
What is the ten thousands digit of 27217?
2
What is the tens digit of 3644?
4
What is the thousands digit of 26351?
6
What is the tens digit of 472?
7
What is the units digit of 1120?
0
What is the hundreds digit of 4490?
4
What is the tens digit of 291?
9
What is the units digit of 2111?
1
What is the units digit of 170?
0
What is the units digit of 66098?
8
What is the hundreds digit of 2767?
7
What is the tens digit of 594?
9
What is the units digit of 187452?
2
What is the units digit of 14580?
0
What is the tens digit of 61203?
0
What is the units digit of 4098?
8
What is the tens digit of 41677?
7
What is the tens digit of 2790?
9
What is the ten thousands digit of 27293?
2
What is the units digit of 4932?
2
What is the tens digit of 1559?
5
What is the units digit of 146454?
4
What is the tens digit of 14687?
8
What is the thousands digit of 1559?
1
What is the tens digit of 10834?
3
What is the tens digit of 1929?
2
What is the tens digit of 10062?
6
What is the hundreds digit of 73533?
5
What is the hundreds digit of 5002?
0
What is the units digit of 2096?
6
What is the ten thousands digit of 24568?
2
What is the hundreds digit of 2570?
5
What is the tens digit of 172?
7
What is the tens digit of 2157?
5
What is the tens digit of 1333?
3
What is the tens digit of 4666?
6
What is the units digit of 74259?
9
What is the tens digit of 1490?
9
What is the hundreds digit of 6688?
6
What is the tens digit of 23617?
1
What is the tens digit of 7015?
1
What is the thousands digit of 27891?
7
What is the hundreds digit of 552?
5
What is the ten thousands digit of 79568?
7
What is the thousands digit of 1517?
1
What is the tens digit of 681?
8
What is the hundreds digit of 105?
1
What is the thousands digit of 50645?
0
What is the hundreds digit of 12421?
4
What is the tens digit of 859?
5
What is the tens digit of 15906?
0
What is the tens digit of 15267?
6
What is the units digit of 211?
1
What is the hundreds digit of 5725?
7
What is the hundreds digit of 6538?
5
What is the hundreds digit of 959?
9
What is the hundreds digit of 672?
6
What is the ten thousands digit of 32608?
3
What is the units digit of 1303?
3
What is the hundreds digit of 2970?
9
What is the hundreds digit of 9781?
7
What is the thousands digit of 1779?
1
What is the units digit of 21411?
1
What is the tens digit of 159017?
1
What is the ten thousands digit of 14477?
1
What is the tens digit of 672?
7
What is the thousands digit of 48768?
8
What is the hundreds digit of 3567?
5
What is the hundreds digit of 82782?
7
What is the thousands digit of 17976?
7
What is the units digit of 158?
8
What is the ten thousands digit of 51930?
5
What is the thousands digit of 2061?
2
What is the units digit of 2058?
8
What is the units digit of 306?
6
What is the thousands digit of 67302?
7
What is the thousands digit of 79082?
9
What is the units digit of 1669?
9
What is the hundreds digit of 36143?
1
What is the units digit of 57362?
2
What is the hundreds digit of 673?
6
What is the hundreds digit of 39750?
7
What is the units digit of 17929?
9
What is the tens digit of 3906?
0
What is the units digit of 7940?
0
What is the ten thousands digit of 70460?
7
What is the tens digit of 695?
9
What is the hundreds digit of 1236?
2
What is the hundreds digit of 564?
5
What is the units digit of 675?
5
What is the ten thousands digit of 36335?
3
What is the tens digit of 1374?
7
What is the thousands digit of 1085?
1
What is the units digit of 65224?
4
What is the units digit of 16448?
8
What is the thousands digit of 2440?
2
What is the thousands digit of 108455?
8
What is the hundreds digit of 16949?
9
What is the thousands digit of 8335?
8
What is the tens digit of 6501?
0
What is the thousands digit of 33686?
3
What is the units digit of 539?
9
What is the thousands digit of 12642?
2
What is the thousands digit of 26315?
6
What is the thousands digit of 7381?
7
What is the thousands digit of 1527?
1
What is the units digit of 542?
2
What is the units digit of 532?
2
What is the units digit of 11697?
7
What is the hundreds digit of 965?
9
What is the units digit of 755?
5
What is the thousands digit of 1719?
1
What is the units digit of 382?
2
What is the tens digit of 20381?
8
What is the thousands digit of 1723?
1
What is the hundreds digit of 27322?
3
What is the hundreds digit of 706?
7
What is the ten thousands digit of 163330?
6
What is the hundreds digit of 2719?
7
What is the units digit of 854?
4
What is the tens digit of 1051?
5
What is the tens digit of 10940?
4
What is the hundreds digit of 6668?
6
What is the units digit of 10041?
1
What is the tens digit of 16807?
0
What is the ten thousands digit of 24618?
2
What is the ten thousands digit of 85945?
8
What is the tens digit of 9547?
4
What is the hundreds digit of 425?
4
What is the units digit of 19096?
6
What is the units digit of 457?
7
What is the hundreds digit of 9994?
9
What is the tens digit of 8430?
3
What is the hundreds digit of 664?
6
What is the thousands digit of 2179?
2
What is the units digit of